 + 103 = -3*r + 2*d. Let v = r + 26. What is the hundreds digit of v?
1
Let c(i) = 383*i - 83. What is the thousands digit of c(3)?
1
Let t = -16 - -3. Let u = 32 - 54. Let l = t - u. What is the units digit of l?
9
Suppose -2*n + 5909 = -s + 1194, 0 = n + 5*s - 2330. What is the units digit of n?
5
Suppose -4*b + 5*h + 1 = 0, -h - 2*h = -b - 5. Let u be -4 + 4/b - -21. Let x = 28 - u. What is the tens digit of x?
1
Suppose -4*c + 2*l + 3026 = 0, l - 3*l - 749 = -c. What is the hundreds digit of c?
7
Suppose 4*t = -4*k + 1016, -23*k + 21*k = -t + 251. What is the tens digit of t?
5
Let j be 8/24 - 12/9. What is the units digit of 1852/16 - (j/4 - -1)?
5
Suppose -o - 5*o = -o. Let u = 78 + o. What is the units digit of u?
8
Let v = 139 - 91. Suppose -1345 = -53*d + v*d. What is the hundreds digit of d?
2
Suppose -4*o + 24 = -3*r, 3*o - 9 - 9 = -5*r. Let q(y) = 5*y - 26. What is the units digit of q(o)?
4
Let y(c) be the second derivative of -5*c**3/2 - 28*c**2 + 3*c. What is the units digit of y(-16)?
4
Let g(l) = 16*l - 13. Let n be g(3). Let o(y) = 22*y**2 + y + 1. Let x be o(-1). Let q = n - x. What is the tens digit of q?
1
Suppose k = 6*k + 30. Let b(d) = -11*d - 23. Let h(x) = -15*x - 34. Let i(m) = 8*b(m) - 5*h(m). What is the tens digit of i(k)?
6
Suppose -2*s - 7*s = -2673. What is the hundreds digit of s?
2
What is the units digit of (-4839)/2*(-63 + 61)?
9
Let l be 1/((-2)/(-110)) - -2. Let k = -21 + l. What is the units digit of k?
6
Suppose -2*z - 102 = -2*s, -s + 3*z = -z - 66. Suppose 3*g + 2*o - 240 = 0, 121 = 2*g - o - s. What is the tens digit of g?
8
What is the units digit of (2827/55)/(1/5)?
7
Let v = -34 - -49. Suppose -c - v = 1. Let n = 38 + c. What is the tens digit of n?
2
Let h(b) be the first derivative of 1/4*b**4 + 5*b**3 + 16*b + 11 - 3/2*b**2. What is the tens digit of h(-15)?
6
Let r = 18 + -16. Suppose -u - 3*n = -94, -r*u - 432 = -6*u + 2*n. Suppose 4*p + u = 3*b + 2, 5*p = 2*b - 74. What is the tens digit of b?
3
Suppose -2 = -m + 1, 0 = 2*x + 2*m - 18. Let n(z) = z**3 - 4*z**2 - 4*z + 24. What is the tens digit of n(x)?
7
Suppose -d - 6572 = -2*m + 444, -5*d = -4*m + 14038. What is the hundreds digit of m?
5
Suppose -16 = -3*i - i. Suppose -i*m = 2 + 6. Let n = m - -24. What is the units digit of n?
2
Let z = 15878 + -10225. What is the tens digit of z?
5
Let s be (-4)/8*8*-2. Let z be (-184)/(-44) + s/(-44). Suppose -4*t - 44 = -z*h, -3*h + 4*h - 11 = -4*t. What is the units digit of h?
1
Let d = -24 - -25. What is the units digit of (0 + -1)/(-2 + d)?
1
Suppose 3*y - 3*q - 13 = -40, 5*q = 3*y + 37. Let w(x) = -4*x**3 - 5*x**2 - 3*x**3 + 13 + 6*x**3 - 2*x. What is the units digit of w(y)?
5
Let h = -4 - -8. Let r be h/((-8)/(-118)) - -1. What is the units digit of (2/5)/(1/r)?
4
Let m be (-358*2/(-8))/((-5)/10). Let s = 69 - m. What is the hundreds digit of s?
2
Suppose -924 = -y + 5*v, -1266 = -y - 4*v - 387. Suppose 2*c + 3*l - 613 = -249, 5*c + 2*l = y. What is the tens digit of c?
7
Suppose 9 = -10*n + 13*n. Suppose j + n*p = 15, 4*j - 26 = -0*j + 5*p. What is the units digit of j?
9
Suppose 700 = -4*s - 2*m, -4*m = -3*s - 7*m - 528. Let u = 432 + s. What is the hundreds digit of u?
2
What is the hundreds digit of 6 + -11 + (8 - -1393)?
3
Let a(u) = -6*u + 76. Let k(d) = -9*d + 114. Let h(j) = -7*a(j) + 5*k(j). What is the units digit of h(-16)?
6
Suppose 0 = -20*o + 41*o - 48657. What is the hundreds digit of o?
3
Suppose -c + 5*c = s - 30, -2*s + 2*c + 36 = 0. Let u be (-10)/(-35) - (-24)/s. What is the units digit of -3 + u - 2 - -5?
2
Suppose 3*m = 5*m + 4*b - 944, 0 = 3*m - 3*b - 1398. What is the tens digit of m?
6
Let q(c) = 99*c**2 - 2. Let m be q(-2). Suppose 0 = -5*o + m + 866. What is the units digit of o?
2
Let t = 647 - 414. What is the units digit of 3/(18/t) + 12/72?
9
Let j(m) = m**3 + 4*m**2 + 2*m + 1. Let v be j(-2). Let g be (v/(-10))/(1/(-46)). Let f = g - 9. What is the tens digit of f?
1
Let i = 2319 - 1204. What is the units digit of i?
5
Suppose -13*p = 759 - 3658. What is the units digit of p?
3
Let b be ((-14)/((-6)/3))/(-1 - -2). Suppose b*o - 659 = 4*o - q, 3*o = 4*q + 679. What is the hundreds digit of o?
2
Let x = 25 + -15. Suppose z + x = -z. What is the units digit of 3/z + (-219)/(-15)?
4
Let r be 222 + (-15)/(-9)*-3. Suppose -213*q = -r*q + 840. What is the units digit of q?
0
Let j(x) = -x - 2. Let n be j(-8). Suppose 7*g - n*g = 78. Suppose -2*p + g = h + 2*h, -26 = -h - 4*p. What is the tens digit of h?
2
Suppose -s + 3*s = 0. Suppose -f + 3*t - 1 = 0, -5 = -f - 3*t - 0. Suppose s = f*y - y - 28. What is the units digit of y?
8
Let c(u) = 2*u**3 + 2*u**2 + 2*u + 232. What is the units digit of c(0)?
2
Suppose 3*v - 572 = -4*u, 4*u - 608 = -3*v + 9*u. What is the tens digit of v?
9
Let s(t) be the second derivative of t**5/20 - 5*t**4/12 - 5*t**3/3 - t**2/2 + t. What is the tens digit of s(7)?
2
Let w be ((-2)/4)/((-6)/240). Suppose -m = 5*r + w, -4*m + 0*r - 48 = 4*r. Let c = 37 + m. What is the units digit of c?
7
Let f(u) = u - 1. Let g be f(4). Let z be -12*(1 + (-12)/g). Suppose 11 = j - 5*h + 2, h = -4*j + z. What is the units digit of j?
9
Suppose -30*v + 29*v = -1970. What is the units digit of v?
0
Let l = -333 - -550. What is the hundreds digit of l?
2
Let h(y) = y**3 + 21*y**2 - 15*y - 45. What is the thousands digit of h(-12)?
1
Suppose 4*k - 3*k - 4 = 0. Let y be (-14)/(-77) - k/22. Suppose y = -3*w - 12 + 15. What is the units digit of w?
1
What is the units digit of 4206/30 - -3*2/(-30)?
0
Suppose s + 18 = -10. What is the units digit of (176/s)/(6/(-42))?
4
Let i(t) = 27*t**3 + t**2 - t - 1. Let j be i(2). Let f = j + -89. What is the units digit of f?
8
Let t(d) = -d**3 + 5*d**2 + 3*d - 3. Let a be t(4). Suppose -3*r = 3*s - a - 8, -3*r + s = -41. What is the tens digit of r?
1
Let y(w) = -w**2 - w + 1. Suppose 3*s + 5*b + 6 + 1 = 0, b = -4*s + 2. Let o be y(s). What is the tens digit of o + -3 + -26 + 57?
2
Let u be ((-4)/(-6))/(16/2064). Let x = 124 - 175. Let t = x + u. What is the tens digit of t?
3
Let w(z) = -z**2 + 11*z + 5. Let u be w(11). Suppose u*v = -0*v. Suppose v = 2*r + 2*d - 58, 5*r - 3*d - 93 = 2*r. What is the units digit of r?
0
Let j be (19/(-2) + -1)*728/(-78). Suppose 2*u + 3*a - 54 = j, -296 = -4*u - 4*a. What is the tens digit of u?
7
Let z = 110 + -12. Let a be -2*(z/2 + 3). What is the units digit of a/(-24) + (-2)/6?
4
What is the hundreds digit of 7/(-1) - (6 - 1368)?
3
What is the tens digit of (816/(-952))/(1/(-315))?
7
Let t = 3 + 11. Suppose d - t = 2*d. What is the tens digit of (-228)/d - (-6)/(-21)?
1
Suppose q + 0*q - 5*l = 60, 165 = 2*q - l. What is the tens digit of (-218)/(-5) + 34/q?
4
Let q = -10313 - -3568. What is the tens digit of (-3)/(-2) - q/38?
7
Let i be 6/(-8) + 31/4. Let g be (9 + -1)*(i + -8). What is the units digit of (4/g)/((-1)/4)?
2
Let y(j) = 0 + 7 + 0 + j. Let a be y(-8). What is the units digit of -12*(a + (-4)/12)?
6
Let s be (3 - -1 - 0)/1. Suppose -i + 2*b - 3 = 0, -6 = 2*i + s*b - 0*b. What is the units digit of 5 + i/((-6)/2)?
6
Suppose -3*s + 8*s - 190 = 0. Let m = s - 25. What is the units digit of m?
3
What is the hundreds digit of (-28276)/(-16) + (7/4 - 2)?
7
Suppose 2*q - 2*b - 6 = 0, 0 = 4*q + 4*b - 3*b - 37. Let y(g) = 10*g - 2. Let a(c) = -3*c + 1. Let p(n) = q*a(n) + 3*y(n). What is the units digit of p(3)?
0
Suppose 15*o - 677 = 16858. What is the hundreds digit of o?
1
Let y = -832 - -1483. Suppose 0*n + y = 7*n. What is the tens digit of n?
9
Let u = 31 + 1049. What is the thousands digit of u?
1
Let g(w) be the first derivative of -11*w**4/4 - w**3/3 - w + 3. Let f be g(-2). Suppose 0*i = -3*v - 2*i + f, i = 5*v - 160. What is the units digit of v?
1
Let n(t) = t + 9. Let v be n(-8). Suppose v = 5*w - 139. Suppose -w = -z - z. What is the tens digit of z?
1
Suppose -5*k + 280 = -6*k. What is the units digit of 1/2*(-2 - k) + 3?
2
Let k = 4703 + -2256. What is the units digit of k?
7
Suppose 0 = b - 5*b - 280. Suppose 8 = -4*f, 23*l - 22*l - 5*f = 124. Let d = b + l. What is the units digit of d?
4
Suppose 5*v + 10 + 0 = 0. What is the tens digit of 1*(1056/11 - (1 + v))?
9
Let y be (2/3)/(6/45). Suppose -y*b - 13 = -68. What is the tens digit of b?
1
Let o(h) = -24*h +